f 1263965254?
2
What is the millions digit of 73462790?
3
What is the thousands digit of 69120070?
0
What is the units digit of 18578862?
2
What is the ten thousands digit of 82224107?
2
What is the hundreds digit of 1091307516?
5
What is the hundred thousands digit of 1765264824?
2
What is the hundreds digit of 154040470?
4
What is the millions digit of 82426671?
2
What is the thousands digit of 139870327?
0
What is the units digit of 415959053?
3
What is the hundred thousands digit of 3643832785?
8
What is the hundred millions digit of 525314685?
5
What is the tens digit of 150941823?
2
What is the tens digit of 1707872041?
4
What is the ten thousands digit of 40356217?
5
What is the thousands digit of 1833020518?
0
What is the millions digit of 191841295?
1
What is the units digit of 115178029?
9
What is the ten millions digit of 384569685?
8
What is the millions digit of 415033471?
5
What is the hundred thousands digit of 3317980?
3
What is the hundred thousands digit of 163894070?
8
What is the ten millions digit of 1805418062?
0
What is the ten thousands digit of 88076436?
7
What is the ten millions digit of 1233194438?
3
What is the millions digit of 85224386?
5
What is the hundreds digit of 1433125334?
3
What is the millions digit of 591079051?
1
What is the hundred millions digit of 3307643452?
3
What is the hundred thousands digit of 556409247?
4
What is the units digit of 515429659?
9
What is the tens digit of 2411584652?
5
What is the tens digit of 483537678?
7
What is the tens digit of 35750028?
2
What is the ten thousands digit of 473446568?
4
What is the hundred millions digit of 241603538?
2
What is the thousands digit of 73245063?
5
What is the tens digit of 79055143?
4
What is the units digit of 186452468?
8
What is the hundred millions digit of 572237693?
5
What is the millions digit of 273461388?
3
What is the hundreds digit of 325351859?
8
What is the thousands digit of 2279356024?
6
What is the hundreds digit of 322802648?
6
What is the units digit of 262158815?
5
What is the ten thousands digit of 18004306?
0
What is the hundreds digit of 20629019?
0
What is the thousands digit of 4816434?
6
What is the ten thousands digit of 286176539?
7
What is the ten millions digit of 204271983?
0
What is the hundred thousands digit of 334414868?
4
What is the ten millions digit of 201144841?
0
What is the hundreds digit of 1759784340?
3
What is the hundred thousands digit of 121592086?
5
What is the ten thousands digit of 4264387281?
8
What is the hundred millions digit of 549897699?
5
What is the ten thousands digit of 1625961340?
6
What is the ten millions digit of 2244446555?
4
What is the units digit of 381228387?
7
What is the tens digit of 406973091?
9
What is the units digit of 477915994?
4
What is the hundred millions digit of 174939794?
1
What is the units digit of 27464303?
3
What is the ten millions digit of 69069148?
6
What is the units digit of 4878652087?
7
What is the ten millions digit of 62322070?
6
What is the hundred thousands digit of 124861461?
8
What is the hundred millions digit of 805976702?
8
What is the hundreds digit of 69348231?
2
What is the hundreds digit of 1496941156?
1
What is the millions digit of 322006688?
2
What is the units digit of 2323653265?
5
What is the ten thousands digit of 34991701?
9
What is the thousands digit of 456326562?
6
What is the tens digit of 59484848?
4
What is the millions digit of 965582580?
5
What is the tens digit of 735623498?
9
What is the hundreds digit of 733499290?
2
What is the thousands digit of 336574370?
4
What is the units digit of 88998909?
9
What is the thousands digit of 38819145?
9
What is the hundred millions digit of 560678184?
5
What is the tens digit of 81632292?
9
What is the hundred millions digit of 325662415?
3
What is the ten millions digit of 76339142?
7
What is the units digit of 687726885?
5
What is the units digit of 1932452035?
5
What is the ten millions digit of 3563534726?
6
What is the thousands digit of 94608700?
8
What is the tens digit of 2163621291?
9
What is the ten thousands digit of 1720555198?
5
What is the units digit of 31671684?
4
What is the hundreds digit of 47283160?
1
What is the tens digit of 32512856?
5
What is the hundred thousands digit of 17716574?
7
What is the hundred millions digit of 525688204?
5
What is the millions digit of 72974145?
2
What is the tens digit of 49584445?
4
What is the thousands digit of 1874665160?
5
What is the hundred thousands digit of 359210293?
2
What is the hundreds digit of 304663238?
2
What is the millions digit of 34455404?
4
What is the tens digit of 557333820?
2
What is the billions digit of 1151546951?
1
What is the hundred thousands digit of 1511292826?
2
What is the ten thousands digit of 57333973?
3
What is the tens digit of 447721486?
8
What is the hundred millions digit of 2083315746?
0
What is the billions digit of 4186169719?
4
What is the units digit of 32624333?
3
What is the millions digit of 3938664523?
8
What is the tens digit of 67530882?
8
What is the millions digit of 246415982?
6
What is the hundred millions digit of 254997533?
2
What is the ten millions digit of 601168063?
0
What is the hundreds digit of 67343355?
3
What is the millions digit of 742405252?
2
What is the ten millions digit of 7769725647?
6
What is the ten thousands digit of 398675726?
7
What is the tens digit of 379478679?
7
What is the tens digit of 5197317873?
7
What is the hundreds digit of 145030681?
6
What is the millions digit of 167451569?
7
What is the tens digit of 432179785?
8
What is the ten thousands digit of 214215803?
1
What is the units digit of 76971608?
8
What is the thousands digit of 31351652?
1
What is the tens digit of 208677589?
8
What is the thousands digit of 4531850967?
0
What is the millions digit of 412524375?
2
What is the units digit of 81571911?
1
What is the hundred millions digit of 429371910?
4
What is the hundreds digit of 174791387?
3
What is the tens digit of 267204460?
6
What is the hundreds digit of 892303302?
3
What is the millions digit of 227683309?
7
What is the thousands digit of 67993450?
3
What is the thousands digit of 36623428?
3
What is the hundred thousands digit of 1583128227?
1
What is the hundreds digit of 96546896?
8
What is the hundred thousands digit of 305841516?
8
What is the ten millions digit of 56048831?
5
What is the ten millions digit of 3713746646?
1
What is the hundred thousands digit of 482483711?
4
What is the ten thousands digit of 31690728?
9
What is the hundreds digit of 543252357?
3
What is the hundred thousands digit of 192294111?
2
What is the ten millions digit of 134429197?
3
What is the ten millions digit of 381632199?
8
What is the units digit of 212842607?
7
What is the hundreds digit of 235807183?
1
What is the hundreds digit of 74562105?
1
What is the units digit of 3379470214?
4
What is the units digit of 11768474?
4
What is the hundred thousands digit of 28198156?
1
What is the hundred thousands digit of 191353380?
3
What is the hundreds digit of 41149060?
0
What is the hundreds digit of 94348814?
8
What is the units digit of 217209457?
7
What is the ten thousands digit of 343310291?
1
What is the hundred thousands digit of 48868245?
8
What is the thousands digit of 211574096?
4
What is the tens digit of 902563838?
3
What is the ten thousands digit of 63958352?
5
What is the thousands digit of 11998595?
8
What is the hundred thousands digit of 14411320?
4
What is the hundreds digit of 2018660010?
0
What is the thousands digit of 7768648?
8
What is the units digit of 2687541107?
7
What is the millions digit of 666009462?
6
What is the thousands digit of 389575544?
5
What is the hundreds digit of 483969826?
8
What is the tens digit of 422306962?
6
What is the thousands digit of 8196801070?
1
What is the billions digit of 2508948712?
2
What is the ten thousands digit of 2714082830?
8
What is the thousands digit of 406700999?
0
What is the ten millions digit of 524084305?
2
What is the hundreds digit of 385966433?
4
What is the billions digit of 7300096611?
7
What is the hundreds digit of 23644972?
9
What is the units digit of 80016333?
3
What is the hundreds digit of 701104238?
2
What is the millions digit of 118206948?
8
W